{"id":72,"date":"2024-04-10T10:15:46","date_gmt":"2024-04-10T10:15:46","guid":{"rendered":"https:\/\/centrum.olsztyn.pl\/?page_id=72"},"modified":"2026-01-06T12:10:44","modified_gmt":"2026-01-06T12:10:44","slug":"cennik","status":"publish","type":"page","link":"https:\/\/centrum.olsztyn.pl\/index.php\/cennik\/","title":{"rendered":"Cennik"},"content":{"rendered":"\n<p class=\"has-large-font-size\"><strong><mark style=\"background-color:rgba(0, 0, 0, 0);color:#017b92\" class=\"has-inline-color\">Cennik<\/mark><\/strong><\/p>\n\n\n\n<ul class=\"wp-block-list\">\n<li>Konsultacja indywidualna \u2013 200 z\u0142 (50 min)<\/li>\n\n\n\n<li>Konsultacja ma\u0142\u017ce\u0144ska\/pary\/rodzinna (jednorazowa) \u2013 270 z\u0142 (90 min)<\/li>\n\n\n\n<li>Konsultacja ma\u0142\u017ce\u0144ska\/pary\/rodzinna (kolejna) \u2013 270 z\u0142 (90 min)<\/li>\n\n\n\n<li>Psychoterapia indywidualna \u2013 200 z\u0142 (50 min)<\/li>\n\n\n\n<li>Psychoterapia ma\u0142\u017ce\u0144ska\/pary\/rodzinna \u2013 300 z\u0142 (90 min)<\/li>\n\n\n\n<li>Opinia \u2013 200 z\u0142<\/li>\n<\/ul>\n\n\n\n<p>Powy\u017cszy cennik ma charakter informacyjny i nie stanowi oferty handlowej.<\/p>\n\n\n\n<p>Formy p\u0142atno\u015bci:<\/p>\n\n\n\n<ul class=\"wp-block-list\">\n<li>Blik<\/li>\n\n\n\n<li>Got\u00f3wka<\/li>\n\n\n\n<li>Przelew bankowy (op\u0142ata na dzie\u0144 przed sesj\u0105)<\/li>\n<\/ul>\n\n\n\n<p>Dane do przelewu:<\/p>\n\n\n\n<p>Centrum Wsparcia i Terapii POSITUM Anna Klepacka<\/p>\n\n\n\n<p>Nr konta bankowego: <strong>42 1940 1076 3262 6258 0000 0000<\/strong><\/p>\n\n\n\n<p>Tytu\u0142: imi\u0119 i nazwisko + us\u0142uga<\/p>\n","protected":false},"excerpt":{"rendered":"<p>Cennik Powy\u017cszy cennik ma charakter informacyjny i nie stanowi oferty &hellip; <span class=\"more-button\"><a href=\"https:\/\/centrum.olsztyn.pl\/index.php\/cennik\/\" class=\"more-link\">Czytaj dalej&#8230;<span class=\"screen-reader-text\">Cennik<\/span><\/a><\/span><\/p>\n","protected":false},"author":1,"featured_media":0,"parent":0,"menu_order":0,"comment_status":"closed","ping_status":"closed","template":"","meta":{"footnotes":""},"class_list":["post-72","page","type-page","status-publish","hentry"],"_links":{"self":[{"href":"https:\/\/centrum.olsztyn.pl\/index.php\/wp-json\/wp\/v2\/pages\/72","targetHints":{"allow":["GET"]}}],"collection":[{"href":"https:\/\/centrum.olsztyn.pl\/index.php\/wp-json\/wp\/v2\/pages"}],"about":[{"href":"https:\/\/centrum.olsztyn.pl\/index.php\/wp-json\/wp\/v2\/types\/page"}],"author":[{"embeddable":true,"href":"https:\/\/centrum.olsztyn.pl\/index.php\/wp-json\/wp\/v2\/users\/1"}],"replies":[{"embeddable":true,"href":"https:\/\/centrum.olsztyn.pl\/index.php\/wp-json\/wp\/v2\/comments?post=72"}],"version-history":[{"count":4,"href":"https:\/\/centrum.olsztyn.pl\/index.php\/wp-json\/wp\/v2\/pages\/72\/revisions"}],"predecessor-version":[{"id":232,"href":"https:\/\/centrum.olsztyn.pl\/index.php\/wp-json\/wp\/v2\/pages\/72\/revisions\/232"}],"wp:attachment":[{"href":"https:\/\/centrum.olsztyn.pl\/index.php\/wp-json\/wp\/v2\/media?parent=72"}],"curies":[{"name":"wp","href":"https:\/\/api.w.org\/{rel}","templated":true}]}}

<p class="has-large-font-size"><strong><mark style="background-color:rgba(0, 0, 0, 0);color:#017b92" class="has-inline-color">Cennik</mark></strong></p>



<ul class="wp-block-list">
<li>Konsultacja indywidualna – 200 zł (50 min)</li>



<li>Konsultacja małżeńska/pary/rodzinna (jednorazowa) – 270 zł (90 min)</li>



<li>Konsultacja małżeńska/pary/rodzinna (kolejna) – 270 zł (90 min)</li>



<li>Psychoterapia indywidualna – 200 zł (50 min)</li>



<li>Psychoterapia małżeńska/pary/rodzinna – 300 zł (90 min)</li>



<li>Opinia – 200 zł</li>
</ul>



<p>Powyższy cennik ma charakter informacyjny i nie stanowi oferty handlowej.</p>



<p>Formy płatności:</p>



<ul class="wp-block-list">
<li>Blik</li>



<li>Gotówka</li>



<li>Przelew bankowy (opłata na dzień przed sesją)</li>
</ul>



<p>Dane do przelewu:</p>



<p>Centrum Wsparcia i Terapii POSITUM Anna Klepacka</p>



<p>Nr konta bankowego: <strong>42 1940 1076 3262 6258 0000 0000</strong></p>



<p>Tytuł: imię i nazwisko + usługa</p>

<p>Cennik Powyższy cennik ma charakter informacyjny i nie stanowi oferty &hellip; <span class="more-button"><a href="https://centrum.olsztyn.pl/index.php/cennik/" class="more-link">Czytaj dalej&#8230;<span class="screen-reader-text">Cennik</span></a></span></p>
